Is 16 a factor of 318002?
False
Is 37821 a multiple of 2?
False
Does 809 divide 1390671?
True
Is 44 a factor of 683848?
True
Is 12 a factor of 514596?
True
Does 85 divide 1024845?
True
Is 39 a factor of 142000?
False
Does 13 divide 442713?
False
Is 1578610 a multiple of 5?
True
Does 139 divide 8633846?
True
Is 179 a factor of 79196?
False
Is 17 a factor of 137496?
True
Does 270 divide 2087100?
True
Is 9 a factor of 3918214?
False
Is 902664 a multiple of 9?
True
Is 42 a factor of 2629663?
False
Is 5 a factor of 3896389?
False
Is 17164 a multiple of 14?
True
Is 5339020 a multiple of 260?
False
Is 17 a factor of 72757?
False
Is 382768 a multiple of 84?
False
Is 97 a factor of 25085?
False
Does 45 divide 1095879?
False
Is 58005 a multiple of 59?
False
Is 26 a factor of 123933?
False
Is 190 a factor of 1473640?
True
Does 124 divide 503594?
False
Is 359244 a multiple of 88?
False
Is 2 a factor of 34888?
True
Is 45541 a multiple of 36?
False
Is 12 a factor of 61996?
False
Is 193 a factor of 400317?
False
Is 250235 a multiple of 146?
False
Is 67435 a multiple of 132?
False
Is 213 a factor of 1856295?
True
Is 11 a factor of 645909?
True
Is 478741 a multiple of 378?
False
Does 161 divide 3689637?
True
Is 92579 a multiple of 43?
True
Is 57 a factor of 78089?
False
Is 894504 a multiple of 14?
False
Does 61 divide 5673?
True
Does 158 divide 79948?
True
Does 5 divide 369730?
True
Is 87 a factor of 386187?
False
Does 12 divide 27516?
True
Does 6 divide 1680523?
False
Is 19 a factor of 705056?
False
Is 218188 a multiple of 58?
False
Is 252 a factor of 273352?
False
Is 6519205 a multiple of 287?
True
Is 106 a factor of 21530?
False
Is 23 a factor of 6039363?
True
Is 81504 a multiple of 72?
True
Does 12 divide 220839?
False
Does 47 divide 331631?
False
Is 721032 a multiple of 104?
True
Is 177 a factor of 34448519?
False
Is 81 a factor of 207661?
False
Does 9 divide 144723?
False
Is 2056527 a multiple of 9?
True
Is 425 a factor of 395250?
True
Is 7967561 a multiple of 43?
False
Is 4868301 a multiple of 239?
False
Does 828 divide 6722165?
False
Is 441945 a multiple of 35?
True
Does 174 divide 47850?
True
Is 63 a factor of 235935?
True
Is 238 a factor of 58527?
False
Is 196138 a multiple of 22?
False
Does 4 divide 14396?
True
Is 6893376 a multiple of 223?
True
Is 63202 a multiple of 13?
False
Does 6 divide 43578?
True
Does 24 divide 80465?
False
Does 6 divide 4169514?
True
Is 388873 a multiple of 511?
False
Is 2 a factor of 20742?
True
Does 120 divide 2751720?
True
Is 116478 a multiple of 27?
True
Does 37 divide 117586?
True
Is 22 a factor of 63854?
False
Is 1252 a factor of 17806?
False
Is 5 a factor of 8691?
False
Is 1867489 a multiple of 43?
False
Does 397 divide 1538772?
True
Is 393792 a multiple of 62?
False
Does 40 divide 1011360?
True
Is 524297 a multiple of 4?
False
Does 173 divide 488611?
False
Is 43 a factor of 420755?
True
Does 4 divide 52616?
True
Does 73 divide 209145?
True
Does 50 divide 1380050?
True
Is 33604 a multiple of 202?
False
Does 64 divide 10536104?
False
Does 25 divide 21261?
False
Is 869733 a multiple of 63?
False
Is 63075 a multiple of 75?
True
Does 2 divide 4859270?
True
Is 455588 a multiple of 365?
False
Is 50554 a multiple of 26?
False
Does 18 divide 13100436?
True
Is 222 a factor of 74894?
False
Is 74358 a multiple of 64?
False
Is 432280 a multiple of 62?
False
Is 920 a factor of 15233035?
False
Is 257 a factor of 3831883?
False
Does 6 divide 86067?
False
Is 177 a factor of 228330?
True
Does 9 divide 812957?
False
Does 15 divide 14597926?
False
Is 72102 a multiple of 61?
True
Is 30810 a multiple of 26?
True
Is 5688 a multiple of 9?
True
Is 42 a factor of 28812?
True
Does 100 divide 52691?
False
Is 49242 a multiple of 4?
False
Is 299808 a multiple of 432?
True
Is 82 a factor of 151208?
True
Does 4 divide 772837?
False
Is 7 a factor of 172650?
False
Does 178 divide 748134?
True
Is 17 a factor of 648363?
True
Is 4 a factor of 45182?
False
Is 368789 a multiple of 14?
False
Is 28 a factor of 428932?
True
Does 149 divide 2828737?
False
Is 5 a factor of 1596924?
False
Is 1661628 a multiple of 51?
False
Is 19 a factor of 2685270?
True
Does 151 divide 786861?
True
Is 292236 a multiple of 426?
True
Is 31221054 a multiple of 19?
False
Is 6 a factor of 87660?
True
Is 190 a factor of 214144?
False
Does 337 divide 395478?
False
Is 45999 a multiple of 171?
True
Is 10 a factor of 8263454?
False
Is 220875 a multiple of 9?
False
Is 122 a factor of 1682746?
True
Does 12 divide 721980?
True
Does 21 divide 32193?
True
Is 64 a factor of 33579?
False
Is 71 a factor of 3588127?
True
Does 61 divide 94306?
True
Is 3296457 a multiple of 27?
True
Is 19781260 a multiple of 133?
False
Is 35 a factor of 176112?
False
Is 11 a factor of 34702?
False
Is 17 a factor of 87947?
False
Does 1461 divide 8789376?
True
Is 20 a factor of 58017?
False
Is 609 a factor of 6754115?
False
Does 12 divide 70488?
True
Is 38 a factor of 168052?
False
Does 14 divide 316973?
False
Is 123341 a multiple of 42?
False
Is 10015433 a multiple of 18?
False
Is 18 a factor of 134172?
True
Does 145 divide 2293271?
False
Does 60 divide 26725?
False
Is 252636 a multiple of 111?
True
Is 911 a factor of 5947008?
True
Is 11 a factor of 20627?
False
Is 1221 a factor of 1902318?
True
Is 667 a factor of 1085209?
True
Does 103 divide 342578?
True
Does 12 divide 50794?
False
Does 6 divide 33329?
False
Is 106 a factor of 171826?
True
Does 627 divide 1856607?
False
Is 1114 a factor of 834067?
False
Does 15 divide 3094890?
True
Is 16 a factor of 2672?
True
Is 2254684 even?
True
Is 34 a factor of 5934870?
True
Does 99 divide 180034?
False
Is 25 a factor of 24893?
False
Is 15 a factor of 2437635?
True
Is 4 a factor of 568271?
False
Is 745 a factor of 898636?
False
Is 825548 a multiple of 179?
True
Is 43 a factor of 8051301?
False
Does 430 divide 211036?
False
Is 1229260 a multiple of 36?
False
Is 300 a factor of 10069500?
True
Is 8 a factor of 2475214?
False
Is 10 a factor of 42480?
True
Is 71 a factor of 15212?
False
Does 27 divide 44907?
False
Is 13 a factor of 1835200?
False
Does 6 divide 6678176?
False
Is 1403150 a multiple of 35?
True
Is 160186 a multiple of 715?
False
Is 389893 a multiple of 49?
True
Is 1049 a factor of 1966875?
True
Does 8 divide 268640?
True
Is 11 a factor of 83742?
False
Is 652795 a multiple of 150?
False
Is 1414648 a multiple of 10?
False
Does 3 divide 14010?
True
Is 766796 a multiple of 516?
False
Is 611707 a multiple of 394?
False
Is 3790330 a multiple of 8?
False
Is 142443 a multiple of 19?
True
Does 23 divide 40273?
True
Is 19 a factor of 3201956?
True
Does 38 divide 2584266?
True
Is 47 a factor of 104273?
False
Is 822918 a multiple of 21?
False
Is 59 a factor of 12645526?
False
Is 172674 a multiple of 362?
True
Does 124 divide 146568?
True
Does 121 divide 7623?
True
Is 16 a factor of 637248?
True
Is 63 a factor of 45108?
True
Is 44 a factor of 24821?
False
Is 194 a factor of 32450?
False
Does 10 divide 300810?
True
Does 38 divide 51034?
True
Is 247869 a multiple of 54?
False
Does 58 divide 14939582?
True
Is 202 a factor of 1683468?
True
Does 29 divide 683952?
False
Is 557 a factor of 20735722?
False
Does 50 divide 64130?
False
Is 2049158 a multiple of 34?
False
Is 294 a factor of 487835?
False
Does 13 divide 330330?
True
Does 506 divide 255024?
True
Is 703355 a multiple of 365?
True
Does 154 divide 73431?
False
Is 45 a factor of 67815?
True
Does 36 divide 6960888?
True
Is 2157630 a multiple of 230?
True
Does 18 divide 6954384?
False
Is 27 a factor of 299783?
False
Is 20 a factor of 60500?
True
Is 798102 a multiple of 1317?
True
Is 209710 a multiple of 670?
True
Is 14684976 a multiple of 108?
True
Is 584166 a multiple of 159?
True
Does 281 divide 128136?
True
Is 7518 a multiple of 6?
True
Is 26 a factor of 45370?
True
Is 5855010 a multiple of 35?
True
Is 431 a factor of 206505?
False
Is 40 a factor of 1608920?
True
Is 32 a factor of 6299712?
True
Is 37842 a multiple of 6?
True
Is 12 a factor of 5328?
True
Is 95 a factor of 173186?
False
Does 18 divide 2254286?
False
Is 41 a factor of 2129581?
True
Is 100646 a multiple of 182?
True
Does 30 divide 2732196?
False
Does 531 divide 5424204?
False
Does 55 divide 149710?
True
Is 1056145 a multiple of 5?
True
Is 371970 a multiple of 2